2*p**3 - 2*p**2 - p + 3. Determine n(1).
-2
Let q(z) = -z - 13. Calculate q(-6).
-7
Let o(n) = -n**2 - 11*n - 18. Give o(-9).
0
Let q(h) = 2*h**2 + 8*h - 4. Determine q(-6).
20
Let x(p) = -p**2 + 6*p + 7. Calculate x(6).
7
Let r(o) = o**3 + 11*o**2 + 9*o - 14. Calculate r(-10).
-4
Let b(g) = g**3 + 5*g**2 - 12*g - 18. Calculate b(-7).
-32
Let a(b) = -b + 11. Give a(12).
-1
Let z(i) = -i**3 + 5*i**2 - 3*i - 4. Calculate z(3).
5
Let w(j) = -j**3 + 5*j**2 - 7*j + 22. What is w(4)?
10
Let q(s) = -s**3 - 9*s**2 - 9*s - 3. Give q(-8).
5
Let t(l) = l**3 - 18*l**2 + l - 17. Calculate t(18).
1
Let d(z) = z**2 - 7*z + 3. Calculate d(6).
-3
Let i(j) = -j**3 + 11*j**2 + 3*j - 24. Give i(11).
9
Let d(k) = k**3 + 21*k**2 + 14*k - 62. Give d(-20).
58
Let v(u) = u**2 + 24*u + 53. Determine v(-22).
9
Let v(l) = l**2 - 31*l - 8. What is v(32)?
24
Let o(z) = 3*z**2 - 2*z + 6. Give o(3).
27
Let h(c) = c**3 + 9*c**2 + 6*c + 1. What is h(-4)?
57
Let z(w) = w**3 + 20*w**2 - 21*w - 6. What is z(-21)?
-6
Let s(a) = -a**2. What is s(-3)?
-9
Let b(v) = 24*v**3 - v**2 - 3*v + 2. Determine b(1).
22
Let p(w) = -4*w + 7. Give p(6).
-17
Let c(f) = 4*f + 58. Give c(-16).
-6
Let n(v) = 12*v + 16. Calculate n(-5).
-44
Let g(t) = -t**2 - 18*t + 148. What is g(-24)?
4
Let u(z) = -33*z - 12. Calculate u(4).
-144
Let c(w) = 3*w**2 + 13*w - 7. Determine c(-7).
49
Let j(p) = p**2 + 3*p + 3. Determine j(-5).
13
Let k(o) = -7*o**2 + 2*o + 1. Calculate k(-2).
-31
Let r(k) = -15*k + 43. Determine r(4).
-17
Let p(l) = -14*l - 320. Give p(-23).
2
Let s(o) = -o**3 + 6*o**2 + 28*o - 11. Calculate s(9).
-2
Let x(y) = 5*y - 53. What is x(12)?
7
Let s(w) = w + 13. What is s(0)?
13
Let o(j) = -2*j - 3. Calculate o(3).
-9
Let z(h) = -h + 25. Calculate z(30).
-5
Let o(q) = -24*q + 570. Give o(24).
-6
Let s(v) = -3*v + 14. Give s(3).
5
Let g(a) = 9*a - 5. Determine g(1).
4
Let k(p) = 61*p - 11. Calculate k(-1).
-72
Let f(h) = 2*h + 9. Determine f(-5).
-1
Let u(s) = 42*s - 77. Calculate u(2).
7
Let y(o) = 3*o - 5. Calculate y(17).
46
Let c(a) = -a**3 - 5*a**2 - 2*a - 4. What is c(-5)?
6
Let r(h) = -h**3 - 9*h**2 + 12*h - 6. Give r(-10).
-26
Let h(i) = -3*i - 3. Determine h(-1).
0
Let i(l) = l**2 + 15*l + 18. Give i(-15).
18
Let i(y) = -y**2 + 4*y + 4. What is i(5)?
-1
Let b(g) = -g**3 - 11*g**2 + 5*g - 44. Determine b(-12).
40
Let w(v) = -79*v**2 - v - 2. Determine w(-1).
-80
Let u(k) = k - 5. Give u(-11).
-16
Let c(v) = v**3 - 14*v**2 + 15*v - 19. Calculate c(13).
7
Let r(f) = 17*f**2 + 17*f + 1. What is r(-1)?
1
Let m(p) = p + 12. What is m(3)?
15
Let a(b) = -5*b + 9. Calculate a(10).
-41
Let w(o) = o - 4. What is w(11)?
7
Let q(g) = g**3 - 4*g**2 + g + 6. Determine q(5).
36
Let v(y) = -y**2 - 17*y - 16. Determine v(-16).
0
Let b(i) = -i**3 - 6*i**2 + 2*i + 18. Determine b(-6).
6
Let n(b) = -30*b + 113. Calculate n(4).
-7
Let v(y) = y**3 + 7*y**2 + 7*y - 2. Give v(-7).
-51
Let t(h) = -5*h**2 - 6*h + 3. Give t(-3).
-24
Let a(c) = 2*c**2 + 18*c + 19. Calculate a(-8).
3
Let y(d) = d**2 - d - 11. Calculate y(4).
1
Let i(z) = z - 16. Calculate i(3).
-13
Let v(m) = 28*m + 64. Give v(-5).
-76
Let z(y) = -12*y + 1. Calculate z(3).
-35
Let c(j) = j**3 - 3*j**2 - 27*j + 92. Calculate c(5).
7
Let f(j) = 3*j + 35. Calculate f(-18).
-19
Let l(w) = 3*w**2 + 51*w + 92. Give l(-15).
2
Let y(c) = 4*c**2 - c. What is y(-2)?
18
Let f(w) = 2*w**2 - 10*w. What is f(6)?
12
Let p(h) = 5*h - 20. Calculate p(8).
20
Let i(g) = g**2 + g - 23. Give i(0).
-23
Let j(r) = -r**3 + r**2 + r - 42. Give j(0).
-42
Let v(a) = 6*a + 11. Calculate v(-2).
-1
Let l(n) = -n**2 - 4*n + 7. Determine l(-6).
-5
Let y(o) = -o - 37. Calculate y(-6).
-31
Let b(h) = h**2 - 4*h + 3. Determine b(5).
8
Let k(w) = -w**3 - 13*w**2 - 11*w + 10. Determine k(-12).
-2
Let l(m) = 2*m**2 - 5*m - 2. Calculate l(5).
23
Let k(m) = 4*m - 7. What is k(5)?
13
Let a(x) = 63*x - 102. Determine a(2).
24
Let l(u) = 2*u + 5. Give l(-6).
-7
Let x(d) = d**2 - d - 4. What is x(0)?
-4
Let t(d) = 16*d - 98. What is t(8)?
30
Let f(m) = m**2 + 24*m - 145. Give f(5).
0
Let f(r) = 6*r**2 + 5*r + 16. Give f(-2).
30
Let p(s) = -s**3 - 2*s. What is p(0)?
0
Let p(v) = 19*v**3 + 2*v**2 + 3*v - 1. Give p(-2).
-151
Let d(r) = r**2 + 9*r + 5. What is d(-6)?
-13
Let q(r) = 2*r - 65. Give q(-15).
-95
Let p(a) = 12*a**2 + 74*a - 5. Determine p(-6).
-17
Let z(n) = -10*n - 10. Determine z(-2).
10
Let h(r) = r - 10. What is h(14)?
4
Let v(x) = 5*x**2 - 101*x + 20. Determine v(20).
0
Let j(r) = -r**2 + 7*r - 10. Determine j(7).
-10
Let b(h) = -2*h**2 - 21*h - 12. Give b(-9).
15
Let m(l) = -l**3 - 2*l**2 - l - 3. Determine m(-2).
-1
Let h(b) = b**2 + 12*b - 4. Give h(-12).
-4
Let x(c) = c**2 + 7*c - 6. Calculate x(-6).
-12
Let y(m) = 2*m + 21. What is y(-15)?
-9
Let y(s) = -s**3 - 7*s**2 - 18*s - 70. What is y(-6)?
2
Let z(s) = 4*s - 27. Calculate z(6).
-3
Let a(n) = -n**3 - 5*n**2 - 7*n - 4. Determine a(-3).
-1
Let j(z) = z**2 + 6*z + 2. Determine j(-5).
-3
Let r(w) = -w**3 + 7*w**2 - 28*w + 6. What is r(6)?
-126
Let n(l) = 4*l**3 - 16*l**2 - l - 6. What is n(5)?
89
Let j(z) = -z**3 + 2*z**2 - 6*z + 3. Determine j(2).
-9
Let t(y) = 24*y**2 + 1. What is t(-1)?
25
Let r(c) = c**3 - 8*c**2 + 16*c - 23. Determine r(6).
1
Let s(w) = 3*w**2 - 3*w - 3. What is s(4)?
33
Let i(v) = v**2 - 36*v + 306. Give i(14).
-2
Let l(z) = 2*z**2 - 4*z - 33. Give l(5).
-3
Let d(h) = 3*h**2 - 8*h - 2. Determine d(3).
1
Let j(i) = 2*i**2 + 104*i - 99. Determine j(-53).
7
Let g(f) = -13*f + 33. Calculate g(-4).
85
Let s(q) = 5*q - 1. Give s(2).
9
Let n(m) = -72*m**2 - 3*m - 2. What is n(-1)?
-71
Let q(d) = d**2 + 1. Calculate q(0).
1
Let n(m) = 2*m + 1. Calculate n(1).
3
Let j(r) = -r**3 - 6*r**2 + 2*r - 5. What is j(-6)?
-17
Let y(r) = 5*r + 6. Determine y(-3).
-9
Let q(u) = -13*u - 9. Calculate q(-1).
4
Let p(y) = -9*y**2 - y + 1. Calculate p(1).
-9
Let q(s) = 2*s + 16. Give q(-4).
8
Let g(a) = 7*a + 26. What is g(9)?
89
Let y(c) = -c**2 - 20*c + 35. Calculate y(2).
-9
Let t(r) = -r**3 - 4*r**2 - 3*r + 3. Give t(-3).
3
Let w(f) = 6*f**2 + 5*f - 1. Give w(-4).
75
Let w(p) = -8*p**2 + p + 6. Calculate w(3).
-63
Let f(k) = -69*k**3 - 2*k**2 + k. Give f(1).
-70
Let w(j) = -33*j**2 + 2*j + 1. Determine w(-1).
-34
Let p(u) = u**3 + 13*u**2 + 20*u + 12. Give p(-11).
34
Let j(p) = p**3 + 11*p**2 - 11*p + 36. Determine j(-12).
24
Let c(r) = 2*r**2 - 16*r + 14. Calculate c(7).
0
Let m(i) = 4*i + 16. Calculate m(-5).
-4
Let l(d) = -2*d**3 + 3*d**2 - 4*d. Give l(-3).
93
Let r(c) = -c**3 - c**2 - 2*c - 5. Give r(0).
-5
Let u(f) = 8*f + 116. Give u(-18).
-28
Let k(w) = w**3 - 18*w**2 + 22*w + 12. Calculate k(16).
-148
Let r(d) = 6*d - 2. Determine r(-2).
-14
Let i(v) = -v**2 + 7*v + 2. Calculate i(7).
2
Let r(q) = 12*q + 3. Give r(1).
15
Let x(b) = -2*b + 44. Give x(-6).
56
Let u(t) = -14*t + 180. Determine u(13).
-2
Let o(k) = -k**3 - 21*k**2 - 2*k - 50. What is o(-21)?
-8
Let d(a) = -a - 4. What is d(-3)?
-1
Let w(s) = -2*s**2 - 7*s. Calculate w(-5).
-15
Let q(l) = -l**3 - 38*l**2 - 105*l - 2. Calculate q(-3).
-2
Let l(v) = -v - 2. What is l(-5)?
3
Let v(x) = -x**2 - 3*x - 4. What is v(-3)?
-4
Let h(x) = -14*x + 33. Give h(3).
-9
Let k(a) = a**2 - a. Give k(4).
12
Let c(g) = -2*g**2 + 30*g + 3. Give c(15).
3
Let x(u) = u**2 - 18*u + 39. Give x(7).
-38
Let o(q) = -8*q + 18. What is o(3)?
-6
Let x(k) = 5*k + 28. Determine x(-6).
-2
Let r(t) = t + 1. Calculate r(-2).
-1
Let c(q) = q**3 - 9*q**2 - 9*q - 14. Determine c(10).
-4
Let v(d) = -7*d - 2. Give v(-4).
26
Let h(g) = 4*g**3 + 8*g**2 + 5*g - 2. What is h(-2)?
-12
Let j(i) = -i**3 - 8*i**2 - 5. Calculate j(-8).
-5
Let b(y) = y**3 + y**2 - 6. Give b(0).
-6
Let j(p) = -p**3 - 15*p**2 - 13*p + 14. Give j(-14).
0
Let m(p) = 2*p**3 - 2*p**2 + 4*p + 11. What is m(0)?
11
Let p(v) = v**3 - 6*v**2 - 2*v - 1. Determine p(6).
-13
Let m(l) = 16*l + 41. Calculate m(-11).
-135
Let m(y) = y**3 + 5*y**2 - 6*y - 3. Give m(-6).
-3
Let a(n) = -n**2 - 27*n + 154. Give a(5).
-6
Let r(x) = -3*x + 52. Determine r(24).
-20
Let x(c) = 2*c + 2. Determine x(2).
6
Let n(p) = -p**3 + 8*p**2 - 9*p - 26. Determine n(4).
2
Let l(n) = -7*n**3 + 4*n**2 - 4*n + 3. Calculate l(2).
-45
Let g(h) = -h**2 + 22*h + 52. Give g(24).
4
Let k(t) = 3*t**2 + 3*t + 5. What is k(-2)?
11
Let j(m) = 3*m - 15. Determine j(